{"id":24,"date":"2012-03-18T22:17:47","date_gmt":"2012-03-18T21:17:47","guid":{"rendered":"http:\/\/suerken.net\/?page_id=24"},"modified":"2022-12-26T21:11:35","modified_gmt":"2022-12-26T20:11:35","slug":"home","status":"publish","type":"page","link":"https:\/\/suerken.net\/","title":{"rendered":"Home"},"content":{"rendered":"\n<p><strong>Dieses ist die Website der Familie Suerken!<\/strong><\/p>\n\n\n\n<p>Nach 20 Jahren haben wir unsere private Seite mal \u00fcberarbeitet.<\/p>\n\n\n\n<p>Unser Konzept ist eine Seite f\u00fcr die engen Freunde und die Familie. Sie ist kein Facebook-Ersatz oder Schaufenster f\u00fcr Jedermann.<\/p>\n\n\n\n<p>Deshalb die wichtigste Ver\u00e4nderung: Bilder und Kommentare befinden sich im gesch\u00fctzten Bereich <strong><a title=\"Intern\" href=\"http:\/\/suerken.net\/?page_id=4\">Familie<\/a><\/strong><\/p>\n\n\n\n<p>Den einen oder anderen Tipp zu den Themen Literatur und Musik k\u00f6nnt Ihr auch ohne LogIn lesen.<\/p>\n\n\n\n<p>Viel Spa\u00df!<\/p>\n\n\n\n<p>What a wonderful world:<\/p>\n\n\n\n<figure class=\"wp-block-embed is-type-video is-provider-youtube wp-block-embed-youtube wp-embed-aspect-16-9 wp-has-aspect-ratio\"><div class=\"wp-block-embed__wrapper\">\n<iframe loading=\"lazy\" title=\"Love Has No Labels | Diversity &amp; Inclusion | Ad Council\" width=\"584\" height=\"329\" src=\"https:\/\/www.youtube.com\/embed\/PnDgZuGIhHs?feature=oembed\" frameborder=\"0\" allow=\"accelerometer; autoplay; clipboard-write; encrypted-media; gyroscope; picture-in-picture; web-share\" referrerpolicy=\"strict-origin-when-cross-origin\" allowfullscreen><\/iframe>\n<\/div><\/figure>\n","protected":false},"excerpt":{"rendered":"<p>Dieses ist die Website der Familie Suerken! Nach 20 Jahren haben wir unsere private Seite mal \u00fcberarbeitet. Unser Konzept ist eine Seite f\u00fcr die engen Freunde und die Familie. Sie ist kein Facebook-Ersatz oder Schaufenster f\u00fcr Jedermann. Deshalb die wichtigste &hellip; <a href=\"https:\/\/suerken.net\/\">Weiterlesen <span class=\"meta-nav\">&rarr;<\/span><\/a><\/p>\n","protected":false},"author":1,"featured_media":0,"parent":0,"menu_order":0,"comment_status":"closed","ping_status":"closed","template":"","meta":{"ngg_post_thumbnail":0,"footnotes":""},"class_list":["post-24","page","type-page","status-publish","hentry"],"_links":{"self":[{"href":"https:\/\/suerken.net\/index.php?rest_route=\/wp\/v2\/pages\/24","targetHints":{"allow":["GET"]}}],"collection":[{"href":"https:\/\/suerken.net\/index.php?rest_route=\/wp\/v2\/pages"}],"about":[{"href":"https:\/\/suerken.net\/index.php?rest_route=\/wp\/v2\/types\/page"}],"author":[{"embeddable":true,"href":"https:\/\/suerken.net\/index.php?rest_route=\/wp\/v2\/users\/1"}],"replies":[{"embeddable":true,"href":"https:\/\/suerken.net\/index.php?rest_route=%2Fwp%2Fv2%2Fcomments&post=24"}],"version-history":[{"count":13,"href":"https:\/\/suerken.net\/index.php?rest_route=\/wp\/v2\/pages\/24\/revisions"}],"predecessor-version":[{"id":206,"href":"https:\/\/suerken.net\/index.php?rest_route=\/wp\/v2\/pages\/24\/revisions\/206"}],"wp:attachment":[{"href":"https:\/\/suerken.net\/index.php?rest_route=%2Fwp%2Fv2%2Fmedia&parent=24"}],"curies":[{"name":"wp","href":"https:\/\/api.w.org\/{rel}","templated":true}]}}